887 a prime number?
True
Is 314999 a prime number?
False
Is 445931 prime?
True
Is 27773 a composite number?
False
Is 956177 prime?
True
Is 4919 prime?
True
Is 2361 prime?
False
Is 165551 a prime number?
True
Is 55619 a composite number?
False
Is 863299 a composite number?
False
Is 679111 composite?
False
Is 138739 prime?
True
Is 35065 a composite number?
True
Is 6443 a composite number?
True
Is 84359 a composite number?
True
Is 179849 a composite number?
False
Is 338119 a composite number?
False
Is 433793 a composite number?
True
Is 552749 a composite number?
False
Is 7499 a prime number?
True
Is 191951 prime?
False
Is 9809 composite?
True
Is 83093 composite?
False
Is 83519 a prime number?
False
Is 798251 prime?
True
Is 1801 prime?
True
Is 354091 prime?
True
Is 2629 composite?
True
Is 2389 prime?
True
Is 71761 composite?
False
Is 2959 a prime number?
False
Is 62851 composite?
False
Is 607081 prime?
True
Is 40543 a prime number?
True
Is 44069 prime?
False
Is 2371 a composite number?
False
Is 64594 a composite number?
True
Is 552787 a prime number?
True
Is 132377 a prime number?
False
Is 2407 a prime number?
False
Is 5381 prime?
True
Is 491 composite?
False
Is 2999 a composite number?
False
Is 13259 prime?
True
Is 40459 a prime number?
True
Is 93739 prime?
True
Is 510386 composite?
True
Is 5953 a prime number?
True
Is 16663 a composite number?
True
Is 1671463 a prime number?
True
Is 21401 composite?
False
Is 31873 composite?
False
Is 20759 a prime number?
True
Is 458639 a prime number?
True
Is 4547 composite?
False
Is 93391 composite?
True
Is 75479 a composite number?
False
Is 40709 a composite number?
False
Is 494981 composite?
True
Is 12689 prime?
True
Is 161299 a prime number?
False
Is 34123 composite?
False
Is 442781 a composite number?
False
Is 631 prime?
True
Is 2357 a composite number?
False
Is 130927 composite?
False
Is 853091 a composite number?
False
Is 7081 a composite number?
True
Is 360391 a composite number?
False
Is 92413 a prime number?
True
Is 45887 a prime number?
True
Is 9917 prime?
False
Is 277 a prime number?
True
Is 71657 a prime number?
False
Is 129401 a composite number?
False
Is 7909 a composite number?
True
Is 188411 a composite number?
True
Is 1229 composite?
False
Is 117365 a composite number?
True
Is 614921 composite?
True
Is 590429 a composite number?
True
Is 142849 prime?
False
Is 28103 composite?
True
Is 85411 prime?
True
Is 274535 prime?
False
Is 40151 prime?
True
Is 158393 a prime number?
True
Is 248971 a composite number?
False
Is 7541 prime?
True
Is 250889 a composite number?
False
Is 3517 prime?
True
Is 224969 a prime number?
True
Is 3163 composite?
False
Is 32141 a prime number?
True
Is 84831 a prime number?
False
Is 167309 a composite number?
False
Is 7831 a prime number?
False
Is 7103 composite?
False
Is 53011 a prime number?
False
Is 11519 a composite number?
False
Is 142723 a prime number?
False
Is 16601 prime?
False
Is 43751 a composite number?
True
Is 1678 composite?
True
Is 152773 a composite number?
True
Is 6779 prime?
True
Is 138461 a composite number?
False
Is 18509 prime?
False
Is 16999 composite?
True
Is 3487 prime?
False
Is 2237 composite?
False
Is 671 a composite number?
True
Is 4001 a composite number?
False
Is 1709179 a prime number?
False
Is 310001 a prime number?
False
Is 743558 a composite number?
True
Is 24253 composite?
True
Is 966419 prime?
True
Is 630797 composite?
False
Is 1362157 a prime number?
False
Is 16053 a composite number?
True
Is 317003 a prime number?
True
Is 33409 prime?
True
Is 26947 a prime number?
True
Is 3667 composite?
True
Is 21727 a composite number?
False
Is 26449 prime?
True
Is 4078687 composite?
False
Is 6839 a prime number?
False
Is 11449 a composite number?
True
Is 11777 composite?
False
Is 5501 composite?
False
Is 44734 a prime number?
False
Is 192563 a prime number?
False
Is 6616105 composite?
True
Is 2861 a composite number?
False
Is 83015 composite?
True
Is 61211 a composite number?
False
Is 5345 composite?
True
Is 8461 prime?
True
Is 7789 composite?
False
Is 35887 a composite number?
True
Is 559451 prime?
True
Is 2923 a composite number?
True
Is 35314 prime?
False
Is 12131 composite?
True
Is 33107 a composite number?
False
Is 83253 composite?
True
Is 55987 prime?
True
Is 102929 composite?
False
Is 219323 a composite number?
True
Is 264023 a composite number?
True
Is 1664431 a composite number?
False
Is 5381 composite?
False
Is 618427 prime?
False
Is 30293 a prime number?
True
Is 21797 composite?
True
Is 99001 composite?
True
Is 3607 a prime number?
True
Is 4595 composite?
True
Is 15859 composite?
False
Is 5003 prime?
True
Is 235903 prime?
False
Is 1673 a composite number?
True
Is 3377 a composite number?
True
Is 83599 a composite number?
True
Is 658819 prime?
False
Is 971 composite?
False
Is 253469 a prime number?
True
Is 25409 a composite number?
False
Is 252397 composite?
True
Is 329597 a prime number?
True
Is 550933 a composite number?
True
Is 2317 a composite number?
True
Is 12251 a composite number?
False
Is 108883 a composite number?
False
Is 351497 prime?
True
Is 1803743 composite?
False
Is 54413 a prime number?
True
Is 33343 composite?
False
Is 158811 a prime number?
False
Is 1668347 composite?
False
Is 72067 a composite number?
True
Is 259 prime?
False
Is 403679 prime?
True
Is 2503 a prime number?
True
Is 10921 a prime number?
False
Is 45817 composite?
False
Is 207183 composite?
True
Is 802 composite?
True
Is 10334 prime?
False
Is 106651 composite?
True
Is 35221 composite?
False
Is 3427 a composite number?
True
Is 4703 a composite number?
False
Is 45647 prime?
False
Is 7870921 composite?
True
Is 121913 composite?
True
Is 3194 prime?
False
Is 1564237 composite?
False
Is 1921 a prime number?
False
Is 10019 composite?
True
Is 339103 a prime number?
True
Is 3983 composite?
True
Is 13973 a prime number?
False
Is 12853 a prime number?
True
Is 4449371 prime?
True
Is 74131 prime?
True
Is 2863 composite?
True
Is 647 prime?
True
Is 110779 a prime number?
False
Is 1966189 composite?
False
Is 69221 a composite number?
False
Is 2453119 a prime number?
True
Is 1418623 prime?
False
Is 2077 composite?
True
Is 528691 prime?
True
Is 27007 a prime number?
False
Is 2508557 a prime number?
True
Is 1217 composite?
False
Is 49721 a composite number?
True
Is 3607 composite?
False
Is 10727 a composite number?
True
Is 115459 a prime number?
True
Is 104827 prime?
True
Is 71447 prime?
False
Is 961631 prime?
False
Is 6390773 a prime number?
False
Is 601219 composite?
False
Is 4421 a composite number?
False
Is 13945 a composite number?
True
Is 100907 a prime number?
True
Is 4331 prime?
False
Is 168193 composite?
False
Is 30335 a composite number?
True
Is 1005527 composite?
False
Is 368419 a composite number?
True
Is 67901 a composite number?
False
Is 49169 prime?
True
Is 218819 a prime number?
True
Is 2927 composite?
False
Is 10129 a composite number?
True
Is 409547 a composite number?
True
Is 9257 prime?
True
Is 3349 composite?
True
Is 559 composite?
True
Is 108713 a prime number?
False
Is 193279 composite?
True
Is 215 composite?
True
Is 148627 a prime number?
True
Is 41833 a composite number?
True
Is 6043 a composite number?
False
Is 34123 prime?
True
Is 39887 prime?
True
Is 93463 a prime number?
True
Is 114547 a composite number?
False
Is 456167 prime?
True
Is 7627 a prime number?
False
Is 11947 a composite number?
True
Is 416659 a prime number?
True
Is 2819 a prime number?
True
Is 16197 composite?
True
Is 1461877 a prime number?
True
Is 110509 a composite number?
True
Is 27733 prime?
True
Is 303469 composite?
False
Is 136946 a composite number?
True
Is 470674 a prime number?
False
Is 26551 prime?
False
Is 33157 prime?
False
Is 119129 a composite number?
False
Is 175034 a prime number?
False
Is 775711 a composite number?
False
Is 39019 a prime number?
True
Is 50033 a composite number?
False
Is 8803 a composite number?
False
Is 28459 prime?
False
Is 773933 a prime number?
True
Is 1571 a prime number?
True
Is 61613 a prime number?
True
Is 169061 prime?
False
Is 2051 composite?
True
Is 183545 prime?
False
Is 98233 a prime number?
False
Is 140111 prime?
True
Is 1285021 a composite number?
False
Is 33185 a composite number?
True
Is 20211 a composite number?
True
Is 125863 co